{"id":548,"date":"2025-07-29T19:55:02","date_gmt":"2025-07-29T19:55:02","guid":{"rendered":"https:\/\/l2playoficial.com.br\/wfe\/?post_type=product&#038;p=548"},"modified":"2025-08-13T18:49:19","modified_gmt":"2025-08-13T18:49:19","slug":"de-volta-aos-anos-1980-o-rei-das-minas","status":"publish","type":"product","link":"https:\/\/l2playoficial.com.br\/wfe\/produto\/de-volta-aos-anos-1980-o-rei-das-minas\/","title":{"rendered":"DE VOLTA AOS ANOS 1980: O REI DAS MINAS"},"content":{"rendered":"","protected":false},"excerpt":{"rendered":"<h2><strong>2\u00ba T\u00edtulo: o Rei das Minas<\/strong><\/h2>\n<p><br class=\"html-br\" \/>Parte \u00fanica com todos os epis\u00f3dios<\/p>\n","protected":false},"featured_media":549,"comment_status":"open","ping_status":"closed","template":"","meta":{"_eb_attr":"","_uag_custom_page_level_css":""},"product_brand":[],"product_cat":[502],"product_tag":[516,515],"class_list":{"0":"post-548","1":"product","2":"type-product","3":"status-publish","4":"has-post-thumbnail","6":"product_cat-dorama","7":"product_tag-dorama","8":"product_tag-romance","10":"first","11":"instock","12":"virtual","13":"product-type-simple"},"yoast_head":"<!-- This site is optimized with the Yoast SEO plugin v25.9 - https:\/\/yoast.com\/wordpress\/plugins\/seo\/ -->\n<title>DE VOLTA AOS ANOS 1980: O REI DAS MINAS - Dramas - Mini Novelas - Shorts<\/title>\n<meta name=\"description\" content=\"DE VOLTA AOS ANOS 1980: O REI DAS MINAS\" \/>\n<meta name=\"robots\" content=\"index, follow, max-snippet:-1, max-image-preview:large, max-video-preview:-1\" \/>\n<link rel=\"canonical\" href=\"https:\/\/l2playoficial.com.br\/wfe\/produto\/de-volta-aos-anos-1980-o-rei-das-minas\/\" \/>\n<meta property=\"og:locale\" content=\"pt_BR\" \/>\n<meta property=\"og:type\" content=\"article\" \/>\n<meta property=\"og:title\" content=\"DE VOLTA AOS ANOS 1980: O REI DAS MINAS - Dramas - Mini Novelas - Shorts\" \/>\n<meta property=\"og:description\" content=\"DE VOLTA AOS ANOS 1980: O REI DAS MINAS\" \/>\n<meta property=\"og:url\" content=\"https:\/\/l2playoficial.com.br\/wfe\/produto\/de-volta-aos-anos-1980-o-rei-das-minas\/\" \/>\n<meta property=\"og:site_name\" content=\"Dramas - Mini Novelas - Shorts\" \/>\n<meta property=\"article:publisher\" content=\"https:\/\/www.facebook.com\/profile.php?id=61562040471914\" \/>\n<meta property=\"article:modified_time\" content=\"2025-08-13T18:49:19+00:00\" \/>\n<meta property=\"og:image\" content=\"https:\/\/l2playoficial.com.br\/wfe\/wp-content\/uploads\/2025\/07\/523448296_17972538779876081_6676465823608277637_n-1.jpg\" \/>\n\t<meta property=\"og:image:width\" content=\"1440\" \/>\n\t<meta property=\"og:image:height\" content=\"1918\" \/>\n\t<meta property=\"og:image:type\" content=\"image\/jpeg\" \/>\n<script type=\"application\/ld+json\" class=\"yoast-schema-graph\">{\"@context\":\"https:\/\/schema.org\",\"@graph\":[{\"@type\":\"WebPage\",\"@id\":\"https:\/\/l2playoficial.com.br\/wfe\/produto\/de-volta-aos-anos-1980-o-rei-das-minas\/\",\"url\":\"https:\/\/l2playoficial.com.br\/wfe\/produto\/de-volta-aos-anos-1980-o-rei-das-minas\/\",\"name\":\"DE VOLTA AOS ANOS 1980: O REI DAS MINAS - Dramas - Mini Novelas - Shorts\",\"isPartOf\":{\"@id\":\"https:\/\/l2playoficial.com.br\/wfe\/#website\"},\"primaryImageOfPage\":{\"@id\":\"https:\/\/l2playoficial.com.br\/wfe\/produto\/de-volta-aos-anos-1980-o-rei-das-minas\/#primaryimage\"},\"image\":{\"@id\":\"https:\/\/l2playoficial.com.br\/wfe\/produto\/de-volta-aos-anos-1980-o-rei-das-minas\/#primaryimage\"},\"thumbnailUrl\":\"https:\/\/l2playoficial.com.br\/wfe\/wp-content\/uploads\/2025\/07\/523448296_17972538779876081_6676465823608277637_n-1.jpg\",\"datePublished\":\"2025-07-29T19:55:02+00:00\",\"dateModified\":\"2025-08-13T18:49:19+00:00\",\"description\":\"DE VOLTA AOS ANOS 1980: O REI DAS MINAS\",\"breadcrumb\":{\"@id\":\"https:\/\/l2playoficial.com.br\/wfe\/produto\/de-volta-aos-anos-1980-o-rei-das-minas\/#breadcrumb\"},\"inLanguage\":\"pt-BR\",\"potentialAction\":[{\"@type\":\"ReadAction\",\"target\":[\"https:\/\/l2playoficial.com.br\/wfe\/produto\/de-volta-aos-anos-1980-o-rei-das-minas\/\"]}]},{\"@type\":\"ImageObject\",\"inLanguage\":\"pt-BR\",\"@id\":\"https:\/\/l2playoficial.com.br\/wfe\/produto\/de-volta-aos-anos-1980-o-rei-das-minas\/#primaryimage\",\"url\":\"https:\/\/l2playoficial.com.br\/wfe\/wp-content\/uploads\/2025\/07\/523448296_17972538779876081_6676465823608277637_n-1.jpg\",\"contentUrl\":\"https:\/\/l2playoficial.com.br\/wfe\/wp-content\/uploads\/2025\/07\/523448296_17972538779876081_6676465823608277637_n-1.jpg\",\"width\":1440,\"height\":1918},{\"@type\":\"BreadcrumbList\",\"@id\":\"https:\/\/l2playoficial.com.br\/wfe\/produto\/de-volta-aos-anos-1980-o-rei-das-minas\/#breadcrumb\",\"itemListElement\":[{\"@type\":\"ListItem\",\"position\":1,\"name\":\"In\u00edcio\",\"item\":\"https:\/\/l2playoficial.com.br\/wfe\/\"},{\"@type\":\"ListItem\",\"position\":2,\"name\":\"Loja\",\"item\":\"https:\/\/l2playoficial.com.br\/wfe\/loja\/\"},{\"@type\":\"ListItem\",\"position\":3,\"name\":\"DE VOLTA AOS ANOS 1980: O REI DAS MINAS\"}]},{\"@type\":\"WebSite\",\"@id\":\"https:\/\/l2playoficial.com.br\/wfe\/#website\",\"url\":\"https:\/\/l2playoficial.com.br\/wfe\/\",\"name\":\"Doramas - S\u00e9ries e Filmes\",\"description\":\"O melhor site com dicas de filmes, s\u00e9ries, doramas e muito mais.\",\"publisher\":{\"@id\":\"https:\/\/l2playoficial.com.br\/wfe\/#organization\"},\"alternateName\":\"L2 PLAY\",\"potentialAction\":[{\"@type\":\"SearchAction\",\"target\":{\"@type\":\"EntryPoint\",\"urlTemplate\":\"https:\/\/l2playoficial.com.br\/wfe\/?s={search_term_string}\"},\"query-input\":{\"@type\":\"PropertyValueSpecification\",\"valueRequired\":true,\"valueName\":\"search_term_string\"}}],\"inLanguage\":\"pt-BR\"},{\"@type\":\"Organization\",\"@id\":\"https:\/\/l2playoficial.com.br\/wfe\/#organization\",\"name\":\"L2 PLAY\",\"url\":\"https:\/\/l2playoficial.com.br\/wfe\/\",\"logo\":{\"@type\":\"ImageObject\",\"inLanguage\":\"pt-BR\",\"@id\":\"https:\/\/l2playoficial.com.br\/wfe\/#\/schema\/logo\/image\/\",\"url\":\"https:\/\/l2playoficial.com.br\/wfe\/wp-content\/uploads\/2025\/07\/LOGO-L2PLAY.png\",\"contentUrl\":\"https:\/\/l2playoficial.com.br\/wfe\/wp-content\/uploads\/2025\/07\/LOGO-L2PLAY.png\",\"width\":500,\"height\":500,\"caption\":\"L2 PLAY\"},\"image\":{\"@id\":\"https:\/\/l2playoficial.com.br\/wfe\/#\/schema\/logo\/image\/\"},\"sameAs\":[\"https:\/\/www.facebook.com\/profile.php?id=61562040471914\",\"https:\/\/www.instagram.com\/l2.play\/\",\"https:\/\/t.me\/l2playcatalogo\"]}]}<\/script>\n<!-- \/ Yoast SEO plugin. -->","yoast_head_json":{"title":"DE VOLTA AOS ANOS 1980: O REI DAS MINAS - Dramas - Mini Novelas - Shorts","description":"DE VOLTA AOS ANOS 1980: O REI DAS MINAS","robots":{"index":"index","follow":"follow","max-snippet":"max-snippet:-1","max-image-preview":"max-image-preview:large","max-video-preview":"max-video-preview:-1"},"canonical":"https:\/\/l2playoficial.com.br\/wfe\/produto\/de-volta-aos-anos-1980-o-rei-das-minas\/","og_locale":"pt_BR","og_type":"article","og_title":"DE VOLTA AOS ANOS 1980: O REI DAS MINAS - Dramas - Mini Novelas - Shorts","og_description":"DE VOLTA AOS ANOS 1980: O REI DAS MINAS","og_url":"https:\/\/l2playoficial.com.br\/wfe\/produto\/de-volta-aos-anos-1980-o-rei-das-minas\/","og_site_name":"Dramas - Mini Novelas - Shorts","article_publisher":"https:\/\/www.facebook.com\/profile.php?id=61562040471914","article_modified_time":"2025-08-13T18:49:19+00:00","og_image":[{"width":1440,"height":1918,"url":"https:\/\/l2playoficial.com.br\/wfe\/wp-content\/uploads\/2025\/07\/523448296_17972538779876081_6676465823608277637_n-1.jpg","type":"image\/jpeg"}],"schema":{"@context":"https:\/\/schema.org","@graph":[{"@type":"WebPage","@id":"https:\/\/l2playoficial.com.br\/wfe\/produto\/de-volta-aos-anos-1980-o-rei-das-minas\/","url":"https:\/\/l2playoficial.com.br\/wfe\/produto\/de-volta-aos-anos-1980-o-rei-das-minas\/","name":"DE VOLTA AOS ANOS 1980: O REI DAS MINAS - Dramas - Mini Novelas - Shorts","isPartOf":{"@id":"https:\/\/l2playoficial.com.br\/wfe\/#website"},"primaryImageOfPage":{"@id":"https:\/\/l2playoficial.com.br\/wfe\/produto\/de-volta-aos-anos-1980-o-rei-das-minas\/#primaryimage"},"image":{"@id":"https:\/\/l2playoficial.com.br\/wfe\/produto\/de-volta-aos-anos-1980-o-rei-das-minas\/#primaryimage"},"thumbnailUrl":"https:\/\/l2playoficial.com.br\/wfe\/wp-content\/uploads\/2025\/07\/523448296_17972538779876081_6676465823608277637_n-1.jpg","datePublished":"2025-07-29T19:55:02+00:00","dateModified":"2025-08-13T18:49:19+00:00","description":"DE VOLTA AOS ANOS 1980: O REI DAS MINAS","breadcrumb":{"@id":"https:\/\/l2playoficial.com.br\/wfe\/produto\/de-volta-aos-anos-1980-o-rei-das-minas\/#breadcrumb"},"inLanguage":"pt-BR","potentialAction":[{"@type":"ReadAction","target":["https:\/\/l2playoficial.com.br\/wfe\/produto\/de-volta-aos-anos-1980-o-rei-das-minas\/"]}]},{"@type":"ImageObject","inLanguage":"pt-BR","@id":"https:\/\/l2playoficial.com.br\/wfe\/produto\/de-volta-aos-anos-1980-o-rei-das-minas\/#primaryimage","url":"https:\/\/l2playoficial.com.br\/wfe\/wp-content\/uploads\/2025\/07\/523448296_17972538779876081_6676465823608277637_n-1.jpg","contentUrl":"https:\/\/l2playoficial.com.br\/wfe\/wp-content\/uploads\/2025\/07\/523448296_17972538779876081_6676465823608277637_n-1.jpg","width":1440,"height":1918},{"@type":"BreadcrumbList","@id":"https:\/\/l2playoficial.com.br\/wfe\/produto\/de-volta-aos-anos-1980-o-rei-das-minas\/#breadcrumb","itemListElement":[{"@type":"ListItem","position":1,"name":"In\u00edcio","item":"https:\/\/l2playoficial.com.br\/wfe\/"},{"@type":"ListItem","position":2,"name":"Loja","item":"https:\/\/l2playoficial.com.br\/wfe\/loja\/"},{"@type":"ListItem","position":3,"name":"DE VOLTA AOS ANOS 1980: O REI DAS MINAS"}]},{"@type":"WebSite","@id":"https:\/\/l2playoficial.com.br\/wfe\/#website","url":"https:\/\/l2playoficial.com.br\/wfe\/","name":"Doramas - S\u00e9ries e Filmes","description":"O melhor site com dicas de filmes, s\u00e9ries, doramas e muito mais.","publisher":{"@id":"https:\/\/l2playoficial.com.br\/wfe\/#organization"},"alternateName":"L2 PLAY","potentialAction":[{"@type":"SearchAction","target":{"@type":"EntryPoint","urlTemplate":"https:\/\/l2playoficial.com.br\/wfe\/?s={search_term_string}"},"query-input":{"@type":"PropertyValueSpecification","valueRequired":true,"valueName":"search_term_string"}}],"inLanguage":"pt-BR"},{"@type":"Organization","@id":"https:\/\/l2playoficial.com.br\/wfe\/#organization","name":"L2 PLAY","url":"https:\/\/l2playoficial.com.br\/wfe\/","logo":{"@type":"ImageObject","inLanguage":"pt-BR","@id":"https:\/\/l2playoficial.com.br\/wfe\/#\/schema\/logo\/image\/","url":"https:\/\/l2playoficial.com.br\/wfe\/wp-content\/uploads\/2025\/07\/LOGO-L2PLAY.png","contentUrl":"https:\/\/l2playoficial.com.br\/wfe\/wp-content\/uploads\/2025\/07\/LOGO-L2PLAY.png","width":500,"height":500,"caption":"L2 PLAY"},"image":{"@id":"https:\/\/l2playoficial.com.br\/wfe\/#\/schema\/logo\/image\/"},"sameAs":["https:\/\/www.facebook.com\/profile.php?id=61562040471914","https:\/\/www.instagram.com\/l2.play\/","https:\/\/t.me\/l2playcatalogo"]}]}},"uagb_featured_image_src":{"full":["https:\/\/l2playoficial.com.br\/wfe\/wp-content\/uploads\/2025\/07\/523448296_17972538779876081_6676465823608277637_n-1.jpg",1440,1918,false],"thumbnail":["https:\/\/l2playoficial.com.br\/wfe\/wp-content\/uploads\/2025\/07\/523448296_17972538779876081_6676465823608277637_n-1-150x150.jpg",150,150,true],"medium":["https:\/\/l2playoficial.com.br\/wfe\/wp-content\/uploads\/2025\/07\/523448296_17972538779876081_6676465823608277637_n-1-225x300.jpg",225,300,true],"medium_large":["https:\/\/l2playoficial.com.br\/wfe\/wp-content\/uploads\/2025\/07\/523448296_17972538779876081_6676465823608277637_n-1-768x1023.jpg",768,1023,true],"large":["https:\/\/l2playoficial.com.br\/wfe\/wp-content\/uploads\/2025\/07\/523448296_17972538779876081_6676465823608277637_n-1-769x1024.jpg",769,1024,true],"1536x1536":["https:\/\/l2playoficial.com.br\/wfe\/wp-content\/uploads\/2025\/07\/523448296_17972538779876081_6676465823608277637_n-1-1153x1536.jpg",1153,1536,true],"2048x2048":["https:\/\/l2playoficial.com.br\/wfe\/wp-content\/uploads\/2025\/07\/523448296_17972538779876081_6676465823608277637_n-1.jpg",1440,1918,false],"woocommerce_thumbnail":["https:\/\/l2playoficial.com.br\/wfe\/wp-content\/uploads\/2025\/07\/523448296_17972538779876081_6676465823608277637_n-1-300x300.jpg",300,300,true],"woocommerce_single":["https:\/\/l2playoficial.com.br\/wfe\/wp-content\/uploads\/2025\/07\/523448296_17972538779876081_6676465823608277637_n-1-600x799.jpg",600,799,true],"woocommerce_gallery_thumbnail":["https:\/\/l2playoficial.com.br\/wfe\/wp-content\/uploads\/2025\/07\/523448296_17972538779876081_6676465823608277637_n-1-100x100.jpg",100,100,true]},"uagb_author_info":{"display_name":"adminl2","author_link":"https:\/\/l2playoficial.com.br\/wfe\/author\/"},"uagb_comment_info":3,"uagb_excerpt":"2\u00ba T\u00edtulo: o Rei das Minas Parte \u00fanica com todos os epis\u00f3dios","_links":{"self":[{"href":"https:\/\/l2playoficial.com.br\/wfe\/wp-json\/wp\/v2\/product\/548","targetHints":{"allow":["GET"]}}],"collection":[{"href":"https:\/\/l2playoficial.com.br\/wfe\/wp-json\/wp\/v2\/product"}],"about":[{"href":"https:\/\/l2playoficial.com.br\/wfe\/wp-json\/wp\/v2\/types\/product"}],"replies":[{"embeddable":true,"href":"https:\/\/l2playoficial.com.br\/wfe\/wp-json\/wp\/v2\/comments?post=548"}],"wp:featuredmedia":[{"embeddable":true,"href":"https:\/\/l2playoficial.com.br\/wfe\/wp-json\/wp\/v2\/media\/549"}],"wp:attachment":[{"href":"https:\/\/l2playoficial.com.br\/wfe\/wp-json\/wp\/v2\/media?parent=548"}],"wp:term":[{"taxonomy":"product_brand","embeddable":true,"href":"https:\/\/l2playoficial.com.br\/wfe\/wp-json\/wp\/v2\/product_brand?post=548"},{"taxonomy":"product_cat","embeddable":true,"href":"https:\/\/l2playoficial.com.br\/wfe\/wp-json\/wp\/v2\/product_cat?post=548"},{"taxonomy":"product_tag","embeddable":true,"href":"https:\/\/l2playoficial.com.br\/wfe\/wp-json\/wp\/v2\/product_tag?post=548"}],"curies":[{"name":"wp","href":"https:\/\/api.w.org\/{rel}","templated":true}]}}